{"id":8158,"date":"2021-09-01T09:29:48","date_gmt":"2021-09-01T07:29:48","guid":{"rendered":"https:\/\/www.brassacademy.com\/?page_id=8158"},"modified":"2021-12-02T00:26:15","modified_gmt":"2021-12-01T22:26:15","slug":"jorg-bruckner","status":"publish","type":"page","link":"https:\/\/www.brassacademy.com\/en\/masterclasses\/jorg-bruckner\/","title":{"rendered":"(Espa\u00f1ol) J\u00f6rg Br\u00fcckner &#8211; 11 y 12 de marzo 2022"},"content":{"rendered":"<p class=\"qtranxs-available-languages-message qtranxs-available-languages-message-en\">Sorry, this entry is only available in <a href=\"https:\/\/www.brassacademy.com\/es\/wp-json\/wp\/v2\/pages\/8158\" class=\"qtranxs-available-language-link qtranxs-available-language-link-es\" title=\"Espa\u00f1ol\">Espa\u00f1ol<\/a>. For the sake of viewer convenience, the content is shown below in the alternative language. You may click the link to switch the active language.<\/p><div class=\"wpb-content-wrapper\"><p>[vc_row][vc_column width=&#8221;1\/2&#8243;][vc_column_text]<img decoding=\"async\" class=\"size-medium wp-image-8159 alignleft\" src=\"https:\/\/www.brassacademy.com\/wp-content\/uploads\/2021\/09\/Jorg-Bruckner-200x300.jpg\" alt=\"\" width=\"200\" height=\"300\" srcset=\"https:\/\/www.brassacademy.com\/wp-content\/uploads\/2021\/09\/Jorg-Bruckner-200x301.jpg 200w, https:\/\/www.brassacademy.com\/wp-content\/uploads\/2021\/09\/Jorg-Bruckner-400x601.jpg 400w, https:\/\/www.brassacademy.com\/wp-content\/uploads\/2021\/09\/Jorg-Bruckner-600x902.jpg 600w, https:\/\/www.brassacademy.com\/wp-content\/uploads\/2021\/09\/Jorg-Bruckner-681x1024.jpg 681w, https:\/\/www.brassacademy.com\/wp-content\/uploads\/2021\/09\/Jorg-Bruckner-768x1154.jpg 768w, https:\/\/www.brassacademy.com\/wp-content\/uploads\/2021\/09\/Jorg-Bruckner-800x1202.jpg 800w, https:\/\/www.brassacademy.com\/wp-content\/uploads\/2021\/09\/Jorg-Bruckner-1022x1536.jpg 1022w, https:\/\/www.brassacademy.com\/wp-content\/uploads\/2021\/09\/Jorg-Bruckner-1200x1804.jpg 1200w, https:\/\/www.brassacademy.com\/wp-content\/uploads\/2021\/09\/Jorg-Bruckner-1363x2048.jpg 1363w, https:\/\/www.brassacademy.com\/wp-content\/uploads\/2021\/09\/Jorg-Bruckner.jpg 1535w\" sizes=\"(max-width: 200px) 100vw, 200px\" \/><img decoding=\"async\" class=\"wp-image-8096 alignnone\" src=\"https:\/\/www.brassacademy.com\/wp-content\/uploads\/2021\/08\/alexander-mainz-271x300.jpg\" alt=\"\" width=\"111\" height=\"123\" srcset=\"https:\/\/www.brassacademy.com\/wp-content\/uploads\/2021\/08\/alexander-mainz-200x222.jpg 200w, https:\/\/www.brassacademy.com\/wp-content\/uploads\/2021\/08\/alexander-mainz-271x300.jpg 271w, https:\/\/www.brassacademy.com\/wp-content\/uploads\/2021\/08\/alexander-mainz-400x443.jpg 400w, https:\/\/www.brassacademy.com\/wp-content\/uploads\/2021\/08\/alexander-mainz.jpg 424w\" sizes=\"(max-width: 111px) 100vw, 111px\" \/><\/p>\n<p>&nbsp;<\/p>\n<div class=\"wpb_text_column wpb_content_element \">\n<div class=\"wpb_wrapper\"><\/div>\n<\/div>\n<div class=\"wpb_text_column wpb_content_element \">\n<div class=\"wpb_wrapper\">\n<p>&nbsp;<\/p>\n<p>&nbsp;<\/p>\n<p>1971 Nace en Leipzig<br \/>\n1989-1992 Estudios en la Universidad de M\u00fasica Franz Liszt Weimar con los Prof. R. Heimbuch y Prof. K. Biehlig, as\u00ed como con Prof. Hermann M\u00e4rker en Leipzig<br \/>\n1992-1997 &#8211; 3. Trompista en la orquesta de Gewandhaus Leipzig bajo la direcci\u00f3n Kurt Masur.<br \/>\n1997-2008 Trompa solista de la orquesta DRESDNER PHILHARMONIKER<br \/>\n2008-2019 Trompa solista de la Filarm\u00f3nica de Munich bajo la direcci\u00f3n de\u00a0Christian Thielemann, Lorin Maazel y Valerie Gergiev.<\/p>\n<\/div>\n<\/div>\n<p>Conciertos como solista con la Filarm\u00f3nica de Munich, la Filarm\u00f3nica de Dresden, \u00a0Bachorchester Leipzig y la Orquesta de C\u00e1mara de Dresden.<br \/>\nSustituto como trompa solista en \u00a0orquestas como: Filarm\u00f3nica de Berlin, Bayerischer Rundfunk, la Orquesta sinf\u00f3nica de Hamburg ( NDR) , la Orquesta de la Radio de Hessen, Staatskapelle Dresden, en el Gewandhausorchester Leipzig, en Orchestra Nacional de Paris, Concertbow Orchestra Amsterdam y en la &#8220;Tonhalle Orchester Z\u00fcrich.<br \/>\nDesde el a\u00f1o 2006 es Profesor de trompa en la Universidad de M\u00fasica Franz Liszt \u00a0de Weimar.[\/vc_column_text][\/vc_column][vc_column width=&#8221;1\/2&#8221;][vc_column_text]<\/p>\n<div class=\"wpb_text_column wpb_content_element \"><strong>Plazas Limitadas!<br \/>\n<\/strong><strong style=\"font-size: 16px;\">Reserva ya la tuya<br \/>\n<\/strong><strong style=\"font-size: 16px;\">MASTERCLASS TROMPA \/\u00a0<\/strong><strong style=\"font-size: 16px;\">J\u00d6RG BR\u00dcCKNER<br \/>\n<\/strong>Hochschule f\u00fcr Musik Weimar<\/div>\n<div class=\"wpb_text_column wpb_content_element \">\n<div class=\"wpb_wrapper\">\n<h4 class=\"fusion-responsive-typography-calculated\" dir=\"auto\" data-fontsize=\"13\" data-lineheight=\"19.5px\">11 y 12 de marzo 2022<\/h4>\n<h5><span style=\"color: #ff0000;\">*** EXPOSICION Y VENTA DE TROMPAS ALEXANDER MAINZ !<br \/>\n<\/span>\u00a0 \u00a0 \u00a0 \u00a0<span style=\"color: #ff0000;\">Trompas especialmente seleccionadas<\/span><br \/>\n<span style=\"color: #ff0000;\">\u00a0 \u00a0 \u00a0 \u00a0Presente el jefe de ventas de Alexander Mainz\u00a0<\/span><\/h5>\n<p><b>Informaci\u00f3n e\u00a0inscripci\u00f3n :<br \/>\n<\/b><strong>(+34)\u00a0685 551 049 \u00a0(\u00a0tambi\u00e9n\u00a0WhatsApp disponible)<\/strong><\/p>\n<h5 class=\"entry-title fusion-responsive-typography-calculated\" data-fontsize=\"13\" data-lineheight=\"19.5px\"><a href=\"mailto:office@brassacademy.com\">office@brassacademy.com<\/a><\/h5>\n<h4 class=\"fusion-responsive-typography-calculated\" data-fontsize=\"13\" data-lineheight=\"19.5px\"><strong>Formulario Inscripci\u00f3n<br \/>\n<\/strong><\/h4>\n<p><a href=\"https:\/\/www.brassacademy.com\/wp-content\/uploads\/2021\/03\/Formulario-inscripcion-masterclass-2021-2022.doc\">Formulario-inscripcion-masterclass-2021-2022<\/a><\/p>\n<\/div>\n<\/div>\n<p>[\/vc_column_text][\/vc_column][vc_column][\/vc_column][\/vc_row]<\/p>\n<\/div>","protected":false},"excerpt":{"rendered":"<p>Sorry, this entry is only available in Espa\u00f1ol. For the sake of viewer convenience, the content is shown below in the alternative language. You may click the link to switch the active language.[vc_row][vc_column width=&#8221;1\/2&#8243;][vc_column_text] &nbsp; &nbsp; &nbsp; 1971 Nace en Leipzig 1989-1992 Estudios en la Universidad de M\u00fasica Franz Liszt Weimar con los Prof. R. [&hellip;]<\/p>\n","protected":false},"author":3,"featured_media":0,"parent":14,"menu_order":1,"comment_status":"closed","ping_status":"closed","template":"","meta":{"footnotes":""},"class_list":["post-8158","page","type-page","status-publish","hentry"],"_links":{"self":[{"href":"https:\/\/www.brassacademy.com\/en\/wp-json\/wp\/v2\/pages\/8158"}],"collection":[{"href":"https:\/\/www.brassacademy.com\/en\/wp-json\/wp\/v2\/pages"}],"about":[{"href":"https:\/\/www.brassacademy.com\/en\/wp-json\/wp\/v2\/types\/page"}],"author":[{"embeddable":true,"href":"https:\/\/www.brassacademy.com\/en\/wp-json\/wp\/v2\/users\/3"}],"replies":[{"embeddable":true,"href":"https:\/\/www.brassacademy.com\/en\/wp-json\/wp\/v2\/comments?post=8158"}],"version-history":[{"count":17,"href":"https:\/\/www.brassacademy.com\/en\/wp-json\/wp\/v2\/pages\/8158\/revisions"}],"predecessor-version":[{"id":8285,"href":"https:\/\/www.brassacademy.com\/en\/wp-json\/wp\/v2\/pages\/8158\/revisions\/8285"}],"up":[{"embeddable":true,"href":"https:\/\/www.brassacademy.com\/en\/wp-json\/wp\/v2\/pages\/14"}],"wp:attachment":[{"href":"https:\/\/www.brassacademy.com\/en\/wp-json\/wp\/v2\/media?parent=8158"}],"curies":[{"name":"wp","href":"https:\/\/api.w.org\/{rel}","templated":true}]}}

(Español) Jörg Brückner &#8211; 11 y 12 de marzo 2022

<p class="qtranxs-available-languages-message qtranxs-available-languages-message-en">Sorry, this entry is only available in <a href="https://www.brassacademy.com/es/wp-json/wp/v2/pages/8158" class="qtranxs-available-language-link qtranxs-available-language-link-es" title="Español">Español</a>. For the sake of viewer convenience, the content is shown below in the alternative language. You may click the link to switch the active language.</p><div class="wpb-content-wrapper"><p>[vc_row][vc_column width=&#8221;1/2&#8243;][vc_column_text]<img decoding="async" class="size-medium wp-image-8159 alignleft" src="https://www.brassacademy.com/wp-content/uploads/2021/09/Jorg-Bruckner-200x300.jpg" alt="" width="200" height="300" srcset="https://www.brassacademy.com/wp-content/uploads/2021/09/Jorg-Bruckner-200x301.jpg 200w, https://www.brassacademy.com/wp-content/uploads/2021/09/Jorg-Bruckner-400x601.jpg 400w, https://www.brassacademy.com/wp-content/uploads/2021/09/Jorg-Bruckner-600x902.jpg 600w, https://www.brassacademy.com/wp-content/uploads/2021/09/Jorg-Bruckner-681x1024.jpg 681w, https://www.brassacademy.com/wp-content/uploads/2021/09/Jorg-Bruckner-768x1154.jpg 768w, https://www.brassacademy.com/wp-content/uploads/2021/09/Jorg-Bruckner-800x1202.jpg 800w, https://www.brassacademy.com/wp-content/uploads/2021/09/Jorg-Bruckner-1022x1536.jpg 1022w, https://www.brassacademy.com/wp-content/uploads/2021/09/Jorg-Bruckner-1200x1804.jpg 1200w, https://www.brassacademy.com/wp-content/uploads/2021/09/Jorg-Bruckner-1363x2048.jpg 1363w, https://www.brassacademy.com/wp-content/uploads/2021/09/Jorg-Bruckner.jpg 1535w" sizes="(max-width: 200px) 100vw, 200px" /><img decoding="async" class="wp-image-8096 alignnone" src="https://www.brassacademy.com/wp-content/uploads/2021/08/alexander-mainz-271x300.jpg" alt="" width="111" height="123" srcset="https://www.brassacademy.com/wp-content/uploads/2021/08/alexander-mainz-200x222.jpg 200w, https://www.brassacademy.com/wp-content/uploads/2021/08/alexander-mainz-271x300.jpg 271w, https://www.brassacademy.com/wp-content/uploads/2021/08/alexander-mainz-400x443.jpg 400w, https://www.brassacademy.com/wp-content/uploads/2021/08/alexander-mainz.jpg 424w" sizes="(max-width: 111px) 100vw, 111px" /></p>
<p>&nbsp;</p>
<div class="wpb_text_column wpb_content_element ">
<div class="wpb_wrapper"></div>
</div>
<div class="wpb_text_column wpb_content_element ">
<div class="wpb_wrapper">
<p>&nbsp;</p>
<p>&nbsp;</p>
<p>1971 Nace en Leipzig<br />
1989-1992 Estudios en la Universidad de Música Franz Liszt Weimar con los Prof. R. Heimbuch y Prof. K. Biehlig, así como con Prof. Hermann Märker en Leipzig<br />
1992-1997 &#8211; 3. Trompista en la orquesta de Gewandhaus Leipzig bajo la dirección Kurt Masur.<br />
1997-2008 Trompa solista de la orquesta DRESDNER PHILHARMONIKER<br />
2008-2019 Trompa solista de la Filarmónica de Munich bajo la dirección de Christian Thielemann, Lorin Maazel y Valerie Gergiev.</p>
</div>
</div>
<p>Conciertos como solista con la Filarmónica de Munich, la Filarmónica de Dresden,  Bachorchester Leipzig y la Orquesta de Cámara de Dresden.<br />
Sustituto como trompa solista en  orquestas como: Filarmónica de Berlin, Bayerischer Rundfunk, la Orquesta sinfónica de Hamburg ( NDR) , la Orquesta de la Radio de Hessen, Staatskapelle Dresden, en el Gewandhausorchester Leipzig, en Orchestra Nacional de Paris, Concertbow Orchestra Amsterdam y en la &#8220;Tonhalle Orchester Zürich.<br />
Desde el año 2006 es Profesor de trompa en la Universidad de Música Franz Liszt  de Weimar.[/vc_column_text][/vc_column][vc_column width=&#8221;1/2&#8221;][vc_column_text]</p>
<div class="wpb_text_column wpb_content_element "><strong>Plazas Limitadas!<br />
</strong><strong style="font-size: 16px;">Reserva ya la tuya<br />
</strong><strong style="font-size: 16px;">MASTERCLASS TROMPA / </strong><strong style="font-size: 16px;">JÖRG BRÜCKNER<br />
</strong>Hochschule für Musik Weimar</div>
<div class="wpb_text_column wpb_content_element ">
<div class="wpb_wrapper">
<h4 class="fusion-responsive-typography-calculated" dir="auto" data-fontsize="13" data-lineheight="19.5px">11 y 12 de marzo 2022</h4>
<h5><span style="color: #ff0000;">*** EXPOSICION Y VENTA DE TROMPAS ALEXANDER MAINZ !<br />
</span>       <span style="color: #ff0000;">Trompas especialmente seleccionadas</span><br />
<span style="color: #ff0000;">       Presente el jefe de ventas de Alexander Mainz </span></h5>
<p><b>Información e inscripción :<br />
</b><strong>(+34) 685 551 049  ( también WhatsApp disponible)</strong></p>
<h5 class="entry-title fusion-responsive-typography-calculated" data-fontsize="13" data-lineheight="19.5px"><a href="mailto:office@brassacademy.com">office@brassacademy.com</a></h5>
<h4 class="fusion-responsive-typography-calculated" data-fontsize="13" data-lineheight="19.5px"><strong>Formulario Inscripción<br />
</strong></h4>
<p><a href="https://www.brassacademy.com/wp-content/uploads/2021/03/Formulario-inscripcion-masterclass-2021-2022.doc">Formulario-inscripcion-masterclass-2021-2022</a></p>
</div>
</div>
<p>[/vc_column_text][/vc_column][vc_column][/vc_column][/vc_row]</p>
</div>

<p>Sorry, this entry is only available in Español. For the sake of viewer convenience, the content is shown below in the alternative language. You may click the link to switch the active language.[vc_row][vc_column width=&#8221;1/2&#8243;][vc_column_text] &nbsp; &nbsp; &nbsp; 1971 Nace en Leipzig 1989-1992 Estudios en la Universidad de Música Franz Liszt Weimar con los Prof. R. [&hellip;]</p>
