{"id":8824,"date":"2022-12-13T23:50:39","date_gmt":"2022-12-13T21:50:39","guid":{"rendered":"https:\/\/www.brassacademy.com\/?page_id=8824"},"modified":"2024-12-13T17:41:40","modified_gmt":"2024-12-13T15:41:40","slug":"miguel-garcia-casas","status":"publish","type":"page","link":"https:\/\/www.brassacademy.com\/en\/profesores\/trombon\/miguel-garcia-casas\/","title":{"rendered":"(Espa\u00f1ol) Miguel Garc\u00eda Casas"},"content":{"rendered":"<p class=\"qtranxs-available-languages-message qtranxs-available-languages-message-en\">Sorry, this entry is only available in <a href=\"https:\/\/www.brassacademy.com\/es\/wp-json\/wp\/v2\/pages\/8824\" class=\"qtranxs-available-language-link qtranxs-available-language-link-es\" title=\"Espa\u00f1ol\">Espa\u00f1ol<\/a>. For the sake of viewer convenience, the content is shown below in the alternative language. You may click the link to switch the active language.<\/p><p><\/p>\n<h1>Miguel Garc\u00eda Casas<br \/>\nTromb\u00f3n solista <strong>de la opera de Frankfurt.<\/strong><\/h1>\n<h3><span style=\"color: #ff0000;\">11 y 12 de enero 2025\u00a0<\/span><\/h3>\n<p><img decoding=\"async\" class=\"alignnone size-medium wp-image-8385\" src=\"https:\/\/www.brassacademy.com\/wp-content\/uploads\/2022\/01\/Miguel_Garcia-Casas--300x214.jpg\" alt=\"\" width=\"300\" height=\"214\" srcset=\"https:\/\/www.brassacademy.com\/wp-content\/uploads\/2022\/01\/Miguel_Garcia-Casas--200x143.jpg 200w, https:\/\/www.brassacademy.com\/wp-content\/uploads\/2022\/01\/Miguel_Garcia-Casas--300x214.jpg 300w, https:\/\/www.brassacademy.com\/wp-content\/uploads\/2022\/01\/Miguel_Garcia-Casas--400x286.jpg 400w, https:\/\/www.brassacademy.com\/wp-content\/uploads\/2022\/01\/Miguel_Garcia-Casas--600x429.jpg 600w, https:\/\/www.brassacademy.com\/wp-content\/uploads\/2022\/01\/Miguel_Garcia-Casas--768x549.jpg 768w, https:\/\/www.brassacademy.com\/wp-content\/uploads\/2022\/01\/Miguel_Garcia-Casas--800x572.jpg 800w, https:\/\/www.brassacademy.com\/wp-content\/uploads\/2022\/01\/Miguel_Garcia-Casas--1024x732.jpg 1024w, https:\/\/www.brassacademy.com\/wp-content\/uploads\/2022\/01\/Miguel_Garcia-Casas--1200x857.jpg 1200w, https:\/\/www.brassacademy.com\/wp-content\/uploads\/2022\/01\/Miguel_Garcia-Casas--1536x1097.jpg 1536w\" sizes=\"(max-width: 300px) 100vw, 300px\" \/>\u00a0 \u00a0 \u00a0 \u00a0 \u00a0 \u00a0 \u00a0 <img decoding=\"async\" class=\"wp-image-9318 alignnone\" src=\"https:\/\/www.brassacademy.com\/wp-content\/uploads\/2023\/07\/NEU-1-Logo-AIE-presentaciones-positivo-letras-negras-300x300.png\" alt=\"\" width=\"102\" height=\"102\" srcset=\"https:\/\/www.brassacademy.com\/wp-content\/uploads\/2023\/07\/NEU-1-Logo-AIE-presentaciones-positivo-letras-negras-66x66.png 66w, https:\/\/www.brassacademy.com\/wp-content\/uploads\/2023\/07\/NEU-1-Logo-AIE-presentaciones-positivo-letras-negras-150x150.png 150w, https:\/\/www.brassacademy.com\/wp-content\/uploads\/2023\/07\/NEU-1-Logo-AIE-presentaciones-positivo-letras-negras-200x200.png 200w, https:\/\/www.brassacademy.com\/wp-content\/uploads\/2023\/07\/NEU-1-Logo-AIE-presentaciones-positivo-letras-negras-300x300.png 300w, https:\/\/www.brassacademy.com\/wp-content\/uploads\/2023\/07\/NEU-1-Logo-AIE-presentaciones-positivo-letras-negras-400x400.png 400w, https:\/\/www.brassacademy.com\/wp-content\/uploads\/2023\/07\/NEU-1-Logo-AIE-presentaciones-positivo-letras-negras.png 472w\" sizes=\"(max-width: 102px) 100vw, 102px\" \/><\/p>\n<p><strong><a href=\"https:\/\/www.brassacademy.com\/wp-content\/uploads\/2024\/08\/Formulario-inscripcion-masterclass-2024-2025.docx\">Formulario-inscripcion-masterclass-2024-2025<\/a><\/strong><\/p>\n<p>Si tienes interes en participar env\u00eda tu formulario correctamente rellenado a :<br \/>\n<span style=\"color: #0000ff;\"><a style=\"color: #0000ff;\" href=\"office@brassacademy.com\">office@brassacademy.com\u00a0<\/a><\/span><\/p>\n<p><strong><br \/>\nMiguel Garc\u00eda Casas (1994 \u2013 Les Coves de Vinrom\u00e0 \u2013 Castell\u00f3n<\/strong>) comenz\u00f3 sus estudios musicales en la escuela<br \/>\nde m\u00fasica de su localidad natal y el Conservatorio Municipal de Benicarl\u00f3 y Castell\u00f3n.<br \/>\nParalelamente a sus estudios oficiales, ha sido alumno del Aula de Tromb\u00f3n Stomvi.<\/p>\n<p>Posteriormente curs\u00f3 el Grado Superior en el Real Conservatorio Superior de M\u00fasica de Madrid con el profesor<br \/>\nElies Hernandis, y ampli\u00f3 su formaci\u00f3n musical cursando un M\u00e1ster de Perfeccionamiento de Interpretaci\u00f3n<br \/>\nMusical en la Hochschule der K\u00fcnste Bern con el profesor <strong>Ian Bousfield.<\/strong><\/p>\n<p>Haber formado parte de numerosas orquestas j\u00f3venes como la JONDE o la SHMF Orchestra Academy, as\u00ed como su participaci\u00f3n como academista en la OSIB, OCNE y TOBS han jugado un papel importante en su desarrollo profesional.<\/p>\n<p>Adem\u00e1s colabora con diferentes orquestas como <strong>Staatskapelle Berlin, Bayerisches Staatsorchester, Staatsorchester Hamburg, G\u00fcrzenich Orchester K\u00f6ln, HR-Sinfonieorchester Ensemble Modern, Orquesta Sinf\u00f3nica de Madrid, Orquesta Sinf\u00f3nica y Coro de RTVE, Le Concert des Nations, etc.<\/strong><\/p>\n<p>Con frecuencia es invitado a impartir clases magistrales por toda Europa. Desde el curso 2020\/21 forma parte de la lista de profesores interinos por concurso de m\u00e9ritos para cubrir las necesidades docentes de las Ense\u00f1anzas Art\u00edsticas Superiores de M\u00fasica del RCSMM. Tambi\u00e9n es docente de la Hochschule f\u00fcr Musik Mainz desde finales del 2023.<\/p>\n<p>Su compromiso con la m\u00fasica de c\u00e1mara, le lleva a colaborar con And The Brass, Nineties Trombone Ensemble, Esencia Trombone Quartet, Frankfurt Chamber Brass, Salaputia Brass, etc. Adem\u00e1s de participar en otros proyectos y grabaciones con el compositor y trombonista Uwe Dierksen, y con el Maestro C. Eschenbach y la Kronberg Academy.<\/p>\n<p><strong>Desde 2018 es tromb\u00f3n solista de la Frankfurter Opern- und Museumsorchester.<\/strong><\/p>\n<p><strong>PRECIOS<\/strong><\/p>\n<p><strong>Activos:<\/strong> 150 \u20ac<br \/>\n<strong>Oyentes:<\/strong> 20 \u20ac (d\u00eda completo) \/ 10 \u20ac ( media jornada)<\/p>\n<p><strong>RESERVAS :<\/strong><br \/>\n<strong>Tel:<\/strong> (+34) 685 551 049 (<strong>tambi\u00e9n WhatsApp disponible<\/strong>)<\/p>\n<p>____________________________________________________________________<\/p>\n<p><strong>Pago matr\u00edcula : Transferencia bancaria:<\/strong><\/p>\n<p><strong>Brass Academy Alicante<\/strong><br \/>\n<strong>Alicante Arts Coop.<\/strong><br \/>\nIBAN ES90 2100 5129 4602 0003 1964<br \/>\nC\u00f3digo BIC\/ SWIFT : CAIXESBBXXX \/ La Caixa<\/p>\n<p>\u2022\u2060 \u2060Al hacer la transferencia por favor no olvidar poner en concepto :<br \/>\nNombre Instrumento y vuestro nombre completo.<br \/>\nEnviar copia del resguardo por e-mail: office@brassacademy.com<\/p>\n<p>&nbsp;<\/p>\n<p>&nbsp;<\/p>\n<p>&nbsp;<\/p>\n<p>&nbsp;<\/p>","protected":false},"excerpt":{"rendered":"<p>Sorry, this entry is only available in Espa\u00f1ol. For the sake of viewer convenience, the content is shown below in the alternative language. You may click the link to switch the active language. Miguel Garc\u00eda Casas Tromb\u00f3n solista de la opera de Frankfurt. 11 y 12 de enero 2025\u00a0 \u00a0 \u00a0 \u00a0 \u00a0 \u00a0 \u00a0 [&hellip;]<\/p>\n","protected":false},"author":3,"featured_media":0,"parent":4925,"menu_order":4,"comment_status":"closed","ping_status":"closed","template":"","meta":{"footnotes":""},"class_list":["post-8824","page","type-page","status-publish","hentry"],"_links":{"self":[{"href":"https:\/\/www.brassacademy.com\/en\/wp-json\/wp\/v2\/pages\/8824"}],"collection":[{"href":"https:\/\/www.brassacademy.com\/en\/wp-json\/wp\/v2\/pages"}],"about":[{"href":"https:\/\/www.brassacademy.com\/en\/wp-json\/wp\/v2\/types\/page"}],"author":[{"embeddable":true,"href":"https:\/\/www.brassacademy.com\/en\/wp-json\/wp\/v2\/users\/3"}],"replies":[{"embeddable":true,"href":"https:\/\/www.brassacademy.com\/en\/wp-json\/wp\/v2\/comments?post=8824"}],"version-history":[{"count":10,"href":"https:\/\/www.brassacademy.com\/en\/wp-json\/wp\/v2\/pages\/8824\/revisions"}],"predecessor-version":[{"id":10612,"href":"https:\/\/www.brassacademy.com\/en\/wp-json\/wp\/v2\/pages\/8824\/revisions\/10612"}],"up":[{"embeddable":true,"href":"https:\/\/www.brassacademy.com\/en\/wp-json\/wp\/v2\/pages\/4925"}],"wp:attachment":[{"href":"https:\/\/www.brassacademy.com\/en\/wp-json\/wp\/v2\/media?parent=8824"}],"curies":[{"name":"wp","href":"https:\/\/api.w.org\/{rel}","templated":true}]}}

(Español) Miguel García Casas

<p class="qtranxs-available-languages-message qtranxs-available-languages-message-en">Sorry, this entry is only available in <a href="https://www.brassacademy.com/es/wp-json/wp/v2/pages/8824" class="qtranxs-available-language-link qtranxs-available-language-link-es" title="Español">Español</a>. For the sake of viewer convenience, the content is shown below in the alternative language. You may click the link to switch the active language.</p><p></p>
<h1>Miguel García Casas<br />
Trombón solista <strong>de la opera de Frankfurt.</strong></h1>
<h3><span style="color: #ff0000;">11 y 12 de enero 2025 </span></h3>
<p><img decoding="async" class="alignnone size-medium wp-image-8385" src="https://www.brassacademy.com/wp-content/uploads/2022/01/Miguel_Garcia-Casas--300x214.jpg" alt="" width="300" height="214" srcset="https://www.brassacademy.com/wp-content/uploads/2022/01/Miguel_Garcia-Casas--200x143.jpg 200w, https://www.brassacademy.com/wp-content/uploads/2022/01/Miguel_Garcia-Casas--300x214.jpg 300w, https://www.brassacademy.com/wp-content/uploads/2022/01/Miguel_Garcia-Casas--400x286.jpg 400w, https://www.brassacademy.com/wp-content/uploads/2022/01/Miguel_Garcia-Casas--600x429.jpg 600w, https://www.brassacademy.com/wp-content/uploads/2022/01/Miguel_Garcia-Casas--768x549.jpg 768w, https://www.brassacademy.com/wp-content/uploads/2022/01/Miguel_Garcia-Casas--800x572.jpg 800w, https://www.brassacademy.com/wp-content/uploads/2022/01/Miguel_Garcia-Casas--1024x732.jpg 1024w, https://www.brassacademy.com/wp-content/uploads/2022/01/Miguel_Garcia-Casas--1200x857.jpg 1200w, https://www.brassacademy.com/wp-content/uploads/2022/01/Miguel_Garcia-Casas--1536x1097.jpg 1536w" sizes="(max-width: 300px) 100vw, 300px" />              <img decoding="async" class="wp-image-9318 alignnone" src="https://www.brassacademy.com/wp-content/uploads/2023/07/NEU-1-Logo-AIE-presentaciones-positivo-letras-negras-300x300.png" alt="" width="102" height="102" srcset="https://www.brassacademy.com/wp-content/uploads/2023/07/NEU-1-Logo-AIE-presentaciones-positivo-letras-negras-66x66.png 66w, https://www.brassacademy.com/wp-content/uploads/2023/07/NEU-1-Logo-AIE-presentaciones-positivo-letras-negras-150x150.png 150w, https://www.brassacademy.com/wp-content/uploads/2023/07/NEU-1-Logo-AIE-presentaciones-positivo-letras-negras-200x200.png 200w, https://www.brassacademy.com/wp-content/uploads/2023/07/NEU-1-Logo-AIE-presentaciones-positivo-letras-negras-300x300.png 300w, https://www.brassacademy.com/wp-content/uploads/2023/07/NEU-1-Logo-AIE-presentaciones-positivo-letras-negras-400x400.png 400w, https://www.brassacademy.com/wp-content/uploads/2023/07/NEU-1-Logo-AIE-presentaciones-positivo-letras-negras.png 472w" sizes="(max-width: 102px) 100vw, 102px" /></p>
<p><strong><a href="https://www.brassacademy.com/wp-content/uploads/2024/08/Formulario-inscripcion-masterclass-2024-2025.docx">Formulario-inscripcion-masterclass-2024-2025</a></strong></p>
<p>Si tienes interes en participar envía tu formulario correctamente rellenado a :<br />
<span style="color: #0000ff;"><a style="color: #0000ff;" href="office@brassacademy.com">office@brassacademy.com </a></span></p>
<p><strong><br />
Miguel García Casas (1994 – Les Coves de Vinromà – Castellón</strong>) comenzó sus estudios musicales en la escuela<br />
de música de su localidad natal y el Conservatorio Municipal de Benicarló y Castellón.<br />
Paralelamente a sus estudios oficiales, ha sido alumno del Aula de Trombón Stomvi.</p>
<p>Posteriormente cursó el Grado Superior en el Real Conservatorio Superior de Música de Madrid con el profesor<br />
Elies Hernandis, y amplió su formación musical cursando un Máster de Perfeccionamiento de Interpretación<br />
Musical en la Hochschule der Künste Bern con el profesor <strong>Ian Bousfield.</strong></p>
<p>Haber formado parte de numerosas orquestas jóvenes como la JONDE o la SHMF Orchestra Academy, así como su participación como academista en la OSIB, OCNE y TOBS han jugado un papel importante en su desarrollo profesional.</p>
<p>Además colabora con diferentes orquestas como <strong>Staatskapelle Berlin, Bayerisches Staatsorchester, Staatsorchester Hamburg, Gürzenich Orchester Köln, HR-Sinfonieorchester Ensemble Modern, Orquesta Sinfónica de Madrid, Orquesta Sinfónica y Coro de RTVE, Le Concert des Nations, etc.</strong></p>
<p>Con frecuencia es invitado a impartir clases magistrales por toda Europa. Desde el curso 2020/21 forma parte de la lista de profesores interinos por concurso de méritos para cubrir las necesidades docentes de las Enseñanzas Artísticas Superiores de Música del RCSMM. También es docente de la Hochschule für Musik Mainz desde finales del 2023.</p>
<p>Su compromiso con la música de cámara, le lleva a colaborar con And The Brass, Nineties Trombone Ensemble, Esencia Trombone Quartet, Frankfurt Chamber Brass, Salaputia Brass, etc. Además de participar en otros proyectos y grabaciones con el compositor y trombonista Uwe Dierksen, y con el Maestro C. Eschenbach y la Kronberg Academy.</p>
<p><strong>Desde 2018 es trombón solista de la Frankfurter Opern- und Museumsorchester.</strong></p>
<p><strong>PRECIOS</strong></p>
<p><strong>Activos:</strong> 150 €<br />
<strong>Oyentes:</strong> 20 € (día completo) / 10 € ( media jornada)</p>
<p><strong>RESERVAS :</strong><br />
<strong>Tel:</strong> (+34) 685 551 049 (<strong>también WhatsApp disponible</strong>)</p>
<p>____________________________________________________________________</p>
<p><strong>Pago matrícula : Transferencia bancaria:</strong></p>
<p><strong>Brass Academy Alicante</strong><br />
<strong>Alicante Arts Coop.</strong><br />
IBAN ES90 2100 5129 4602 0003 1964<br />
Código BIC/ SWIFT : CAIXESBBXXX / La Caixa</p>
<p>•⁠ ⁠Al hacer la transferencia por favor no olvidar poner en concepto :<br />
Nombre Instrumento y vuestro nombre completo.<br />
Enviar copia del resguardo por e-mail: office@brassacademy.com</p>
<p>&nbsp;</p>
<p>&nbsp;</p>
<p>&nbsp;</p>
<p>&nbsp;</p>

<p>Sorry, this entry is only available in Español. For the sake of viewer convenience, the content is shown below in the alternative language. You may click the link to switch the active language. Miguel García Casas Trombón solista de la opera de Frankfurt. 11 y 12 de enero 2025              [&hellip;]</p>
